igit of 4239?
2
What is the units digit of 3392?
2
What is the hundreds digit of 32607?
6
What is the units digit of 1990?
0
What is the units digit of 45173?
3
What is the hundreds digit of 154?
1
What is the units digit of 147312?
2
What is the thousands digit of 9383?
9
What is the tens digit of 4298?
9
What is the thousands digit of 152181?
2
What is the hundreds digit of 160917?
9
What is the tens digit of 62465?
6
What is the units digit of 48768?
8
What is the ten thousands digit of 13758?
1
What is the hundreds digit of 4854?
8
What is the units digit of 2133?
3
What is the units digit of 351?
1
What is the ten thousands digit of 21087?
2
What is the hundreds digit of 1978?
9
What is the tens digit of 10005?
0
What is the tens digit of 2143?
4
What is the tens digit of 1473?
7
What is the ten thousands digit of 28220?
2
What is the tens digit of 1612?
1
What is the units digit of 1540?
0
What is the thousands digit of 2722?
2
What is the tens digit of 446?
4
What is the thousands digit of 4486?
4
What is the thousands digit of 4952?
4
What is the tens digit of 1905?
0
What is the thousands digit of 2353?
2
What is the thousands digit of 6061?
6
What is the hundreds digit of 3003?
0
What is the tens digit of 16?
1
What is the hundreds digit of 2272?
2
What is the thousands digit of 3302?
3
What is the tens digit of 6296?
9
What is the hundreds digit of 322?
3
What is the units digit of 66?
6
What is the units digit of 6425?
5
What is the hundreds digit of 712?
7
What is the ten thousands digit of 10161?
1
What is the thousands digit of 1133?
1
What is the ten thousands digit of 35185?
3
What is the tens digit of 3732?
3
What is the tens digit of 918?
1
What is the hundreds digit of 24905?
9
What is the units digit of 2040?
0
What is the thousands digit of 171152?
1
What is the hundreds digit of 1925?
9
What is the tens digit of 1891?
9
What is the tens digit of 77192?
9
What is the units digit of 1707?
7
What is the hundreds digit of 21513?
5
What is the tens digit of 1121?
2
What is the hundreds digit of 564?
5
What is the tens digit of 16745?
4
What is the hundreds digit of 317?
3
What is the units digit of 27259?
9
What is the tens digit of 1818?
1
What is the units digit of 3516?
6
What is the tens digit of 15038?
3
What is the tens digit of 390?
9
What is the units digit of 2416?
6
What is the units digit of 27242?
2
What is the thousands digit of 12224?
2
What is the units digit of 139265?
5
What is the units digit of 20463?
3
What is the hundreds digit of 1431?
4
What is the hundreds digit of 11130?
1
What is the hundreds digit of 97904?
9
What is the units digit of 6454?
4
What is the hundreds digit of 1231?
2
What is the units digit of 7551?
1
What is the units digit of 958?
8
What is the units digit of 1039?
9
What is the tens digit of 84477?
7
What is the thousands digit of 3521?
3
What is the ten thousands digit of 39371?
3
What is the units digit of 97?
7
What is the hundreds digit of 287?
2
What is the hundreds digit of 10461?
4
What is the units digit of 434?
4
What is the hundreds digit of 8665?
6
What is the hundreds digit of 44967?
9
What is the units digit of 64985?
5
What is the thousands digit of 152017?
2
What is the thousands digit of 5250?
5
What is the tens digit of 1989?
8
What is the units digit of 70160?
0
What is the thousands digit of 10522?
0
What is the hundreds digit of 701?
7
What is the hundreds digit of 1030?
0
What is the hundreds digit of 35212?
2
What is the units digit of 488?
8
What is the tens digit of 3692?
9
What is the tens digit of 137?
3
What is the thousands digit of 23080?
3
What is the units digit of 321?
1
What is the units digit of 1765?
5
What is the tens digit of 32345?
4
What is the tens digit of 2772?
7
What is the thousands digit of 1370?
1
What is the thousands digit of 8112?
8
What is the tens digit of 20844?
4
What is the hundred thousands digit of 181611?
1
What is the hundreds digit of 1381?
3
What is the tens digit of 538?
3
What is the tens digit of 885?
8
What is the tens digit of 5995?
9
What is the units digit of 28890?
0
What is the tens digit of 85320?
2
What is the tens digit of 336?
3
What is the thousands digit of 7791?
7
What is the thousands digit of 1669?
1
What is the tens digit of 269?
6
What is the tens digit of 159?
5
What is the thousands digit of 33275?
3
What is the units digit of 10615?
5
What is the hundreds digit of 28395?
3
What is the units digit of 1087?
7
What is the tens digit of 47?
4
What is the units digit of 1998?
8
What is the thousands digit of 1967?
1
What is the thousands digit of 32596?
2
What is the hundreds digit of 2844?
8
What is the thousands digit of 49032?
9
What is the hundreds digit of 9060?
0
What is the units digit of 1198?
8
What is the hundreds digit of 3222?
2
What is the tens digit of 2852?
5
What is the ten thousands digit of 92413?
9
What is the tens digit of 16245?
4
What is the thousands digit of 23765?
3
What is the units digit of 5011?
1
What is the tens digit of 18870?
7
What is the hundreds digit of 3016?
0
What is the thousands digit of 6370?
6
What is the thousands digit of 2165?
2
What is the thousands digit of 29742?
9
What is the units digit of 669?
9
What is the hundreds digit of 2573?
5
What is the thousands digit of 3814?
3
What is the thousands digit of 2507?
2
What is the tens digit of 279?
7
What is the units digit of 70?
0
What is the tens digit of 1615?
1
What is the tens digit of 154?
5
What is the hundreds digit of 20829?
8
What is the ten thousands digit of 16237?
1
What is the thousands digit of 1197?
1
What is the tens digit of 20007?
0
What is the units digit of 808?
8
What is the units digit of 1297?
7
What is the ten thousands digit of 71541?
7
What is the units digit of 15621?
1
What is the units digit of 2679?
9
What is the tens digit of 9211?
1
What is the tens digit of 1610?
1
What is the tens digit of 4678?
7
What is the hundreds digit of 447?
4
What is the hundreds digit of 43682?
6
What is the tens digit of 333?
3
What is the tens digit of 35157?
5
What is the thousands digit of 34337?
4
What is the units digit of 3506?
6
What is the hundreds digit of 42434?
4
What is the tens digit of 20879?
7
What is the thousands digit of 105367?
5
What is the thousands digit of 42528?
2
What is the hundreds digit of 88982?
9
What is the hundreds digit of 2211?
2
What is the tens digit of 662?
6
What is the units digit of 2478?
8
What is the hundreds digit of 44391?
3
What is the thousands digit of 30083?
0
What is the hundreds digit of 9381?
3
What is the tens digit of 11247?
4
What is the hundred thousands digit of 127041?
1
What is the hundred thousands digit of 112166?
1
What is the tens digit of 1939?
3
What is the tens digit of 8350?
5
What is the hundreds digit of 6599?
5
What is the tens digit of 10156?
5
What is the thousands digit of 6270?
6
What is the tens digit of 3169?
6
What is the units digit of 998?
8
What is the hundreds digit of 3664?
6
What is the tens digit of 24614?
1
What is the thousands digit of 44992?
4
What is the hundreds digit of 2664?
6
What is the thousands digit of 3388?
3
What is the units digit of 884?
4
What is the units digit of 972?
2
What is the tens digit of 34296?
9
What is the ten thousands digit of 104592?
0
What is the thousands digit of 35876?
5
What is the thousands digit of 5076?
5
What is the tens digit of 61011?
1
What is the hundreds digit of 10181?
1
What is the hundreds digit of 1640?
6
What is the units digit of 8302?
2
What is the units digit of 23093?
3
What is the units digit of 12992?
2
What is the thousands digit of 53105?
3
What is the units digit of 9865?
5
What is the units digit of 550?
0
What is the units digit of 14281?
1
What is the tens digit of 890?
9
What is the tens digit of 69539?
3
What is the hundreds digit of 977?
9
What is the units digit of 1419?
9
What is the tens digit of 9685?
8
What is the units digit of 184?
4
What is the hundreds digit of 8910?
9
What is the hundreds digit of 4643?
6
What is the thousands digit of 45974?
5
What is the hundreds digit of 32518?
5
What is the ten thousands digit of 14664?
1
What is the thousands digit of 1030?
1
What is the hundreds digit of 947?
9
What is the tens digit of 4378?
7
What is